{"id":1238,"date":"2024-09-10T08:01:33","date_gmt":"2024-09-10T06:01:33","guid":{"rendered":"https:\/\/www.labnostrum.com\/?page_id=1238"},"modified":"2024-09-10T08:01:55","modified_gmt":"2024-09-10T06:01:55","slug":"analisi-de-qualitat","status":"publish","type":"page","link":"https:\/\/www.labnostrum.com\/cat\/analisi-de-qualitat\/","title":{"rendered":"An\u00e0lisis de qualitat"},"content":{"rendered":"<div class=\"fusion-fullwidth fullwidth-box fusion-builder-row-1 fusion-flex-container nonhundred-percent-fullwidth non-hundred-percent-height-scrolling\" style=\"--awb-border-radius-top-left:0px;--awb-border-radius-top-right:0px;--awb-border-radius-bottom-right:0px;--awb-border-radius-bottom-left:0px;--awb-padding-top:3vw;--awb-padding-bottom:6vw;--awb-flex-wrap:wrap;\" ><div class=\"fusion-builder-row fusion-row fusion-flex-align-items-flex-start fusion-flex-content-wrap\" style=\"max-width:1248px;margin-left: calc(-4% \/ 2 );margin-right: calc(-4% \/ 2 );\"><div class=\"fusion-layout-column fusion_builder_column fusion-builder-column-0 fusion_builder_column_1_1 1_1 fusion-flex-column\" style=\"--awb-bg-blend:overlay;--awb-bg-size:cover;--awb-width-large:100%;--awb-margin-top-large:0px;--awb-spacing-right-large:1.92%;--awb-margin-bottom-large:0px;--awb-spacing-left-large:1.92%;--awb-width-medium:100%;--awb-spacing-right-medium:1.92%;--awb-spacing-left-medium:1.92%;--awb-width-small:100%;--awb-spacing-right-small:1.92%;--awb-spacing-left-small:1.92%;\" id=\"analisis\"><div class=\"fusion-column-wrapper fusion-flex-justify-content-flex-start fusion-content-layout-column\"><div class=\"fusion-text fusion-text-1\">\n<table id=\"tablepress-16\" class=\"tablepress tablepress-id-16 tbody-has-connected-cells\">\n<thead>\n<tr class=\"row-1\">\n\t<td class=\"column-1\"><\/td><th class=\"column-2\">Preu<\/th><th class=\"column-3\">T\u00e8cnica<\/th><th class=\"column-4\">Volum m\u00ednim<\/th>\n<\/tr>\n<\/thead>\n<tbody class=\"row-striping row-hover\">\n<tr class=\"row-2\">\n\t<td colspan=\"4\" class=\"column-1\">Fenols vol\u00e0tils<\/td>\n<\/tr>\n<tr class=\"row-3\">\n\t<td class=\"column-1\">4-Etilfenol (vi i sidra)<\/td><td rowspan=\"2\" class=\"column-2\">54,91 \u20ac<\/td><td rowspan=\"2\" class=\"column-3\">GC\/MS<br \/>\nPT05-10<\/td><td rowspan=\"2\" class=\"column-4\">100 ml<\/td>\n<\/tr>\n<tr class=\"row-4\">\n\t<td class=\"column-1\">4-Etilguayacol (vi i sidra)<\/td>\n<\/tr>\n<tr class=\"row-5\">\n\t<td class=\"column-1\">4-Vinilfenol*<\/td><td rowspan=\"2\" class=\"column-2\">82,44 \u20ac<\/td><td rowspan=\"2\" class=\"column-3\">GC\/MS<\/td><td rowspan=\"2\" class=\"column-4\">100 ml<\/td>\n<\/tr>\n<tr class=\"row-6\">\n\t<td class=\"column-1\">4-Vinilguayacol*<\/td>\n<\/tr>\n<tr class=\"row-7\">\n\t<td class=\"column-1\">4-Etilcatecol*<\/td><td class=\"column-2\">66,06 \u20ac<\/td><td class=\"column-3\">GC\/MS<\/td><td class=\"column-4\">100 ml<\/td>\n<\/tr>\n<tr class=\"row-8\">\n\t<td class=\"column-1\">4-Etilfenol*<\/td><td rowspan=\"5\" class=\"column-2\">116,70 \u20ac<\/td><td rowspan=\"5\" class=\"column-3\">GC\/MS<\/td><td rowspan=\"5\" class=\"column-4\">100 ml<\/td>\n<\/tr>\n<tr class=\"row-9\">\n\t<td class=\"column-1\">4-Etilguayacol*<\/td>\n<\/tr>\n<tr class=\"row-10\">\n\t<td class=\"column-1\">4-Vinilfenol*<\/td>\n<\/tr>\n<tr class=\"row-11\">\n\t<td class=\"column-1\">4-Vinilguayacol*<\/td>\n<\/tr>\n<tr class=\"row-12\">\n\t<td class=\"column-1\">4-Etilcatecol*<\/td>\n<\/tr>\n<tr class=\"row-13\">\n\t<td colspan=\"4\" class=\"column-1\">ORGANOCLORATS EN VI<\/td>\n<\/tr>\n<tr class=\"row-14\">\n\t<td class=\"column-1\">2,4,6-Tricloroanisol (TCA)<\/td><td rowspan=\"4\" class=\"column-2\">65,50 \u20ac<\/td><td rowspan=\"4\" class=\"column-3\">GC\/MS<\/td><td rowspan=\"4\" class=\"column-4\">100 ml<\/td>\n<\/tr>\n<tr class=\"row-15\">\n\t<td class=\"column-1\">2,3,4,6-Tetracloroanisol (TeCA)<\/td>\n<\/tr>\n<tr class=\"row-16\">\n\t<td class=\"column-1\">Pentacloroanisol (PCA)<\/td>\n<\/tr>\n<tr class=\"row-17\">\n\t<td class=\"column-1\">2,4,6-Tribromoanisol (TBA)<\/td>\n<\/tr>\n<tr class=\"row-18\">\n\t<td class=\"column-1\"><\/td><td class=\"column-2\"><\/td><td class=\"column-3\"><\/td><td class=\"column-4\"><\/td>\n<\/tr>\n<tr class=\"row-19\">\n\t<td class=\"column-1\">Haloanisoles* + Halofenoles* (TCA*, TCP*; TeCA*, TeCP*, TBA*, TBP*, PCA* i PCP*)<\/td><td class=\"column-2\">95,50 \u20ac<\/td><td class=\"column-3\">GC\/MS<\/td><td class=\"column-4\">100 ml<\/td>\n<\/tr>\n<tr class=\"row-20\">\n\t<td colspan=\"4\" class=\"column-1\">MIGRABLES PL\u00c0STICS<\/td>\n<\/tr>\n<tr class=\"row-21\">\n\t<td class=\"column-1\"><sub>1<\/sub> Grup de 3 ftalats*<\/td><td class=\"column-2\">99,10 \u20ac<\/td><td class=\"column-3\">SBSE-GC\/MS<\/td><td class=\"column-4\">300 ml<\/td>\n<\/tr>\n<tr class=\"row-22\">\n\t<td class=\"column-1\"><sub>2<\/sub> Grup de 7 ftalats*<\/td><td class=\"column-2\">113,33 \u20ac<\/td><td class=\"column-3\">SBSE-GC\/MS<\/td><td class=\"column-4\">300 ml<\/td>\n<\/tr>\n<tr class=\"row-23\">\n\t<td class=\"column-1\"><sub>3<\/sub> Grup de 12 ftalats*<\/td><td class=\"column-2\">181,64 \u20ac<\/td><td class=\"column-3\">SBSE-GC\/MS<\/td><td class=\"column-4\">300 ml<\/td>\n<\/tr>\n<tr class=\"row-24\">\n\t<td class=\"column-1\">Bisfenol A*<\/td><td class=\"column-2\">112,82 \u20ac<\/td><td class=\"column-3\">SBSE-GC\/MS<\/td><td class=\"column-4\">300 ml<\/td>\n<\/tr>\n<tr class=\"row-25\">\n\t<td class=\"column-1\">Bisfenol A* i Bisfenol F*<\/td><td class=\"column-2\">168,85 \u20ac<\/td><td class=\"column-3\">SBSE-GC\/MS<\/td><td class=\"column-4\">300 ml<\/td>\n<\/tr>\n<tr class=\"row-26\">\n\t<td class=\"column-1\">Naftal\u00e9*<\/td><td class=\"column-2\">98,33 \u20ac<\/td><td class=\"column-3\">GC\/MS<\/td><td class=\"column-4\">100 ml<\/td>\n<\/tr>\n<tr class=\"row-27\">\n\t<td class=\"column-1\">Estir\u00e9*<\/td><td class=\"column-2\">98,33 \u20ac<\/td><td class=\"column-3\">GC\/MS<\/td><td class=\"column-4\">100 ml<\/td>\n<\/tr>\n<tr class=\"row-28\">\n\t<td colspan=\"4\" class=\"column-1\"><small><sub>1<\/sub>Dibutylphthalate  (DBP)*,  Diethylhexylphthalate  (DEHP)*,  Di-iso-nonylphthalate  (DiNP)*;  2Dimethylphthalate  (DMP)*,  Diethylphthalate (DEP)*, Dibutylphthalate (DBP)*, Benzylbutylphthalate (BBP)*, Diethylhexylphthalate (DEHP)*, Di-iso-nonylphthalate (DiNP)* y Di-iso- decylphthalate (DiDP)*; 3Diallylphthalate (DAP)*, Dibutylphthalate (DBP)*, Diethylhexylphthalate (DEHP)*, Diethylphthalate (DEP)*, Di-iso- butylphthalate (DiBP)*, Di-iso-methylphthalate (DiMP)*, Di-iso-decylphthalate (DiDP)*, Di-iso-nonylphthalate (DiNP)*, Dimethylphthalate (DMP)*, Di-n-octylphthalate (DnOP)*, Dipentylphthalate* y Bencil Butil ftalato (BBP)*<\/small><\/td>\n<\/tr>\n<tr class=\"row-29\">\n\t<td colspan=\"4\" class=\"column-1\">Conservants<\/td>\n<\/tr>\n<tr class=\"row-30\">\n\t<td class=\"column-1\">Natamicina*<\/td><td class=\"column-2\">101,95 \u20ac<\/td><td class=\"column-3\">LC\/MS\/MS<\/td><td class=\"column-4\">100 ml<\/td>\n<\/tr>\n<tr class=\"row-31\">\n\t<td class=\"column-1\">\u00c0cids Conservants* (\u00e0cid benzoic*, \u00e0cid salic\u00edlic* i \u00e0cid s\u00f2rbic*)<\/td><td class=\"column-2\">129,63 \u20ac<\/td><td class=\"column-3\">LC\/DAD<\/td><td class=\"column-4\">100 ml<\/td>\n<\/tr>\n<tr class=\"row-32\">\n\t<td class=\"column-1\">\u00c1cid fum\u00e0ric*<\/td><td class=\"column-2\">57 \u20ac<\/td><td class=\"column-3\">LC\/MS\/MS<\/td><td class=\"column-4\">100 ml<\/td>\n<\/tr>\n<tr class=\"row-33\">\n\t<td colspan=\"4\" class=\"column-1\">CHECK LIST B\u00d3TA<\/td>\n<\/tr>\n<tr class=\"row-34\">\n\t<td class=\"column-1\">2,4,6-Tricloroanisol (TCA)<\/td><td rowspan=\"4\" class=\"column-2\">65,50 \u20ac<\/td><td rowspan=\"4\" class=\"column-3\">GC\/MS\/MS PT03-57<\/td><td rowspan=\"4\" class=\"column-4\">100 ml (agua de lavado)<\/td>\n<\/tr>\n<tr class=\"row-35\">\n\t<td class=\"column-1\">2,3,4,6-Tetracloroanisol (TeCA)<\/td>\n<\/tr>\n<tr class=\"row-36\">\n\t<td class=\"column-1\">Pentacloroanisol (PCA)<\/td>\n<\/tr>\n<tr class=\"row-37\">\n\t<td class=\"column-1\">2,4,6-Tribromoanisol (TBA)<\/td>\n<\/tr>\n<tr class=\"row-38\">\n\t<td colspan=\"4\" class=\"column-1\">CHECK LIST B\u00d3TES USADES<\/td>\n<\/tr>\n<tr class=\"row-39\">\n\t<td class=\"column-1\">2,4,6-Tricloroanisol (TCA)*<\/td><td rowspan=\"6\" class=\"column-2\">161,82 \u20ac<\/td><td rowspan=\"6\" class=\"column-3\">GC\/MS<\/td><td rowspan=\"6\" class=\"column-4\">100 ml (agua de lavado)<\/td>\n<\/tr>\n<tr class=\"row-40\">\n\t<td class=\"column-1\">2,3,4,6-Tetracloroanisol (TeCA)*<\/td>\n<\/tr>\n<tr class=\"row-41\">\n\t<td class=\"column-1\">Pentacloroanisol (PCA)*<\/td>\n<\/tr>\n<tr class=\"row-42\">\n\t<td class=\"column-1\">2,4,6-Tribromoanisol (TBA)*<\/td>\n<\/tr>\n<tr class=\"row-43\">\n\t<td class=\"column-1\">Fenols vol\u00e0tils* (4-etilfenol* i 4-etilguayacol*)<\/td>\n<\/tr>\n<tr class=\"row-44\">\n\t<td class=\"column-1\">Acetat d'etil*<\/td>\n<\/tr>\n<tr class=\"row-45\">\n\t<td colspan=\"4\" class=\"column-1\">CHECK LIST SURO<\/td>\n<\/tr>\n<tr class=\"row-46\">\n\t<td class=\"column-1\">2,4,6-Tricloroanisol (TCA)<\/td><td rowspan=\"5\" class=\"column-2\">95,53 \u20ac<\/td><td rowspan=\"5\" class=\"column-3\">GC\/MS\/MS PT03-57<\/td><td rowspan=\"5\" class=\"column-4\">1, 10, 25 \u00f3 50 tapones<\/td>\n<\/tr>\n<tr class=\"row-47\">\n\t<td class=\"column-1\">2,3,4,6-Tetracloroanisol (TeCA)<\/td>\n<\/tr>\n<tr class=\"row-48\">\n\t<td class=\"column-1\">Pentacloroanisol (PCA)<\/td>\n<\/tr>\n<tr class=\"row-49\">\n\t<td class=\"column-1\">2,4,6-Tribromoanisol (TBA)<\/td>\n<\/tr>\n<tr class=\"row-50\">\n\t<td class=\"column-1\">Guayacol*<\/td>\n<\/tr>\n<\/tbody>\n<\/table>\n<!-- #tablepress-16 from cache -->\n<\/div><\/div><\/div><\/div><\/div>\n","protected":false},"excerpt":{"rendered":"","protected":false},"author":1,"featured_media":0,"parent":0,"menu_order":0,"comment_status":"closed","ping_status":"closed","template":"","meta":{"footnotes":""},"class_list":["post-1238","page","type-page","status-publish","hentry"],"aioseo_notices":[],"_links":{"self":[{"href":"https:\/\/www.labnostrum.com\/cat\/wp-json\/wp\/v2\/pages\/1238","targetHints":{"allow":["GET"]}}],"collection":[{"href":"https:\/\/www.labnostrum.com\/cat\/wp-json\/wp\/v2\/pages"}],"about":[{"href":"https:\/\/www.labnostrum.com\/cat\/wp-json\/wp\/v2\/types\/page"}],"author":[{"embeddable":true,"href":"https:\/\/www.labnostrum.com\/cat\/wp-json\/wp\/v2\/users\/1"}],"replies":[{"embeddable":true,"href":"https:\/\/www.labnostrum.com\/cat\/wp-json\/wp\/v2\/comments?post=1238"}],"version-history":[{"count":0,"href":"https:\/\/www.labnostrum.com\/cat\/wp-json\/wp\/v2\/pages\/1238\/revisions"}],"wp:attachment":[{"href":"https:\/\/www.labnostrum.com\/cat\/wp-json\/wp\/v2\/media?parent=1238"}],"curies":[{"name":"wp","href":"https:\/\/api.w.org\/{rel}","templated":true}]}}